3. Let n(c) = 4*t(c) + y(c). Let a be n(3). What is the units digit of 2/3 + 88/a?
8
Let v(z) = z - 4 + 4. Let i be v(2). What is the units digit of 12*(-1)/(-2) - i?
4
Let n = -2 - -4. Suppose 3*r - n*r - 2 = 0. What is the units digit of r?
2
Let x = 150 + -41. What is the hundreds digit of x?
1
Suppose -4*l = -7*l + 87. Suppose 4*d = 5*m - l, -m + d + 6 = -0*m. What is the units digit of m?
5
Suppose 5*f + 35 = 5*o - 0*f, 2*o - f = 9. Let x = 7 - o. What is the units digit of x?
5
Suppose 2*t - 5 = -95. Let g = t - -76. Suppose -5*b = -v - g, 0 = 4*b + 2*v - 9 - 13. What is the units digit of b?
6
Let c = 6 - 2. What is the tens digit of (-3 + 0)/((-1)/c)?
1
Suppose -4*y = 2*x - 0*y - 124, 0 = -5*x - 4*y + 304. What is the tens digit of x?
6
Suppose -5*q + 15 = 0, -2*m + 2*q - 81 = -5*m. What is the units digit of m?
5
Let n = -3 - -2. Let o be (1 + n + -1)*-1. What is the units digit of (o + 9/15)*5?
8
Suppose -2*x + 2 = -c, 3*c + 4 = 5*x - 2. Suppose -3*b - 10 = 5*l - 95, -4*b = x. What is the units digit of l?
7
Suppose 4*q = 3*z - 23, 38 = 5*z - 4*q + 5. Suppose -k - 3 = z. Let o = 12 - k. What is the tens digit of o?
2
Let j = 53 + -4. What is the units digit of j?
9
Suppose 2*r - 1 + 2 = -t, -4*t - 5*r - 13 = 0. Let x = t + 9. Suppose 2*u - 22 = -x. What is the tens digit of u?
1
Suppose -2*n + 2 + 8 = 0. What is the units digit of (-14)/(-35) + 3/n?
1
What is the units digit of (1 - 4)/(-1) + 0?
3
Let i be 2 + 1 - (26 + 4). Let v be (4/(-6))/(6/i). Suppose -h + 4*h - 3 = 0, -v*s + 37 = -5*h. What is the tens digit of s?
1
Let n be 16/(-2)*-1 - 1. Suppose 5*i + 5*k = 35, -i + 0*i - 3*k + n = 0. Let m = i - 3. What is the units digit of m?
4
Suppose 0 = 5*a - 18 - 122. Suppose -4*l + 4*g = -a, 10 = 2*l + g + 2. Suppose 0 = -l*q + 4*q + 8. What is the units digit of q?
8
Let y(m) = -5*m**2 - 9*m + 31. Let h(t) = -t**2 - 2*t + 6. Let d(a) = 11*h(a) - 2*y(a). Let b be d(-4). What is the units digit of 14/4 + b/8?
4
Suppose r - 4*q - 48 = 0, -3*r = -q - 73 - 27. What is the units digit of r?
2
Suppose 0 = d + 4*d. Suppose 2*f - 2 = 0, 0 = 5*o - 4*f - d*f - 16. What is the units digit of o/(-12)*9*-3?
9
What is the units digit of 22 + (-2 - 0) + 4?
4
Let r be 5/(10/(-6)) - -22. Let j = r - 10. What is the units digit of j?
9
Let c be 32*(3/(-2) - -1). Let p = 25 + c. Suppose 7 + p = n + i, -44 = -3*n - 2*i. What is the units digit of n?
2
Let t be 2/(-7) - (-158)/14. Let b = 0 + t. What is the units digit of b?
1
Suppose -a + 3*r + 4 = 0, -a - 3 = -4*r - 8. Let p = 11 + a. What is the tens digit of p?
1
Let f(o) = -4*o + o - 3 + 1 + 5*o. What is the units digit of f(2)?
2
Let q be (-2 + 21/9)*-3. Let c(r) = -2*r + 1. Let i be c(q). Suppose -1 = n - 3*a, -i*n = 4*a - 24 - 12. What is the units digit of n?
8
Let g = 77 + 22. What is the units digit of g?
9
Suppose 0 = -4*a + 16. Let b be 138/33 - a/22. Suppose 17 = n + b. What is the units digit of n?
3
Let z(j) = -j**2 + 7*j + 10. Let l be -3*(-2 - (-6)/(-9)). Let k be z(l). What is the units digit of (3*1)/(2/k)?
3
Let y(p) = p**3 - 10*p**2 + 3*p - 16. What is the tens digit of y(11)?
3
Let i be ((-4)/3)/(1/3). Let s be (-2 + 2)*(-2)/i. Suppose s = j - 1 - 11. What is the units digit of j?
2
Suppose -10 = -3*b - 1. Let h(i) be the second derivative of i**4/6 - 2*i**3/3 - i**2/2 + 2*i. What is the units digit of h(b)?
5
Let a = 393 - 237. What is the tens digit of a?
5
Suppose 0 = t + 3*h + 17, 3*h = -4*t + t - 21. Let p be (-4)/(-3)*18/4. Let f = t + p. What is the units digit of f?
4
Let v(x) = x + 10. Let m be v(-6). Suppose -j + 70 = m*j. What is the units digit of j?
4
Let m(y) = y**2 + 19*y + 40. What is the units digit of m(-17)?
6
What is the units digit of 1/(((-6)/(-99))/((-4)/(-6)))?
1
Suppose -v - 81 = -4*v. What is the tens digit of v?
2
Let r(k) = 15*k**2 - 3*k + 10. What is the units digit of r(5)?
0
Suppose 0 = -2*g + 7 - 21. Let m = g - -12. Suppose -m*u + 55 = r, -10 = 5*r - 3*r. What is the tens digit of u?
1
Suppose -4*x + 33 = 5*s - 1, 3*x + 5*s = 28. Let g(t) = 2*t + 8. Let a be g(x). Suppose j - 10 = -3*d, 4*j = d + a + 7. What is the units digit of j?
7
Suppose 0 = -2*n + 7*n - 270. Let y = n + -30. What is the units digit of y?
4
Let f = 44 + -31. What is the tens digit of f?
1
Suppose 5*h - 10 = g, 8 = -5*g + 3*h + 24. Suppose -3*s + 3*a - 30 = -5*s, -3*a - 54 = -g*s. What is the tens digit of s?
1
Let h(w) = -w**3 - w + 2. Let a be h(0). What is the tens digit of (-16)/a*66/(-24)?
2
Let h(u) = 2*u**2 - 11. What is the tens digit of h(-5)?
3
What is the units digit of (-4)/(-14) + (-1056)/(-28)?
8
Let q = 116 - 68. Suppose y + q = -y. Let o = -15 - y. What is the units digit of o?
9
Suppose 5*w - 2*z + z - 170 = 0, -5*w - 3*z = -190. What is the units digit of w?
5
Let m be 8/4*(-3 + -1). What is the tens digit of (-9 - 6)*m/3?
4
Let q(s) = -2*s**2 + 6*s + 2. Let c be q(6). Let a = c - -60. What is the units digit of a?
6
Let f(v) be the third derivative of v**6/180 + v**4/24 - 2*v**2. Let o(d) be the second derivative of f(d). What is the tens digit of o(3)?
1
Let j(m) = -7*m - 7. What is the units digit of j(-7)?
2
Suppose -4*x = x + 55. Let r(h) = -6*h**3 - 2*h**2 - h. Let u be r(-1). What is the units digit of x/(-2) - u/10?
5
Let t be -3 + (-3)/9*-3. Let c = 5 - 0. Let s = c + t. What is the units digit of s?
3
Let i(s) = -s**3 + 8*s**2 - s + 11. Suppose t + 16 = 3*t. Let c be i(t). Suppose j = -c*j + 4. What is the units digit of j?
1
Let p(o) = o**2 + 4*o - 7. Let l be p(-5). Let h be l - (1 - 19 - 2). Suppose 0 = -5*d - 2*t + 11 - 2, 5*d - h = t. What is the units digit of d?
3
What is the hundreds digit of 3285/19 + (-26)/(-247)?
1
Suppose 2*z - 12 = -4. Suppose 58 = z*d - 2*y, -2*d + 44 = -y - 3*y. What is the tens digit of d?
1
Let l(y) = -18*y - 1. Let h be (-2 - 10/(-6))*3. What is the units digit of l(h)?
7
Let h = 5 - 3. Suppose 0 = -f + h, -4*r = 2*f - 64 - 4. What is the tens digit of r?
1
Suppose -5*x = 4*k - 19, 3*k + 4 = k + 2*x. Let o(h) = 13*h + k - 2 - 8*h + 12*h. What is the tens digit of o(1)?
1
Let x(n) = -n**3 - 10*n**2 - n - 8. What is the units digit of x(-10)?
2
Let h(s) = -10*s + 24. What is the tens digit of h(-6)?
8
Let v(u) = -u**3 - 4*u**2 - 5*u - 2. Let p be v(-3). Suppose 6*h = 2*h, 0 = p*k + 5*h - 48. What is the tens digit of k?
1
Let l be (28 - -2)/2 - -3. Let c = l - 12. What is the units digit of c?
6
Let r be 1/(-3) - 560/21. What is the tens digit of (-9)/r - 58/(-6)?
1
Let k(b) = 5 + 2*b + 1 - b - b**3. Suppose -3*h + 5*c - 2 + 7 = 0, 3 = 2*h - 3*c. What is the units digit of k(h)?
6
Suppose 4*j - 120 = -3*l, -3*l + 101 = 5*j - 49. What is the units digit of j?
0
Let o(z) = z - 3. Let y be o(7). Suppose y*k = -0*k + 28. Suppose -35 = -5*x - 0*x - 5*r, 0 = -4*x + 3*r + k. What is the units digit of x?
4
Suppose -p - p = 0. Let w be (0 + 2)/((-6)/(-9)). Suppose g + r = -1 + 6, w*g + 4*r - 14 = p. What is the units digit of g?
6
Let n = 111 - 56. What is the tens digit of n?
5
Let a = -2 - 0. What is the units digit of a*(-3)/(-6)*-1?
1
Suppose 0 = -5*x - 0*x - 80. Let o = 30 + x. Suppose 4*p + 5*g + 2 = 0, 0*p - 4*g - o = -3*p. What is the units digit of p?
2
Let l be (-660)/(-4) - (0 + 3). Let n be (2 - l)*(-1)/2. What is the units digit of (18/10)/(24/n)?
6
Suppose 2*f + 5 = 75. Let u = f + -19. What is the units digit of u?
6
Suppose 14*r - 396 = 5*r. What is the units digit of r?
4
Let o(h) = 2*h - 1. Let u be o(-3). Let s = 14 + u. What is the units digit of s?
7
Let v(s) = 3*s**3 + s**2. Let d be v(1). Suppose -2*c = -2*p + 48, -68 = d*c + 4*p + 12. Let t = -14 - c. What is the units digit of t?
8
Suppose -2*f - 1 - 3 = 0. Let i(c) = -c**2 + 9*c - 8. Let d be i(8). Let p = d - f. What is the units digit of p?
2
Let j(v) = -2*v - 7. Let g be j(-5). Let f(z) = 3 + z**2 - 3*z**2 - 6 + g*z**2. What is the units digit of f(-4)?
3
Suppose -4*p - 217 = -3*b - 14, -5*p - 4*b - 246 = 0. Let n = -6 - p. What is the units digit of n?
4
Let x(l) = -l - 5. Let y be x(-6). Let h be (66/2 + -1)/y. Let c = h + -17. What is the tens digit of c?
1
What is the units digit of ((-352)/(-40))/((-1)/(-5))?
4
Suppose -w - 12 = -5*w. Let z = 1 - 7. What is the units digit of (w/z + 1)*16?
8
Suppose 0 = -d - 4*d + 25. Suppose 0 = -d*b + b